4). Let c = u + -3. What are the prime factors of c?
2, 3
Let n = -4 - -14. Let j be (-30)/(-4)*8/n. Let c(q) = q**2 - 5*q + 6. What are the prime factors of c(j)?
2, 3
Suppose 3*m = -6, 4*m - 68 = -5*f + 3*m. Suppose 3*k + 24 + 3 = 2*a, -a + k + f = 0. What are the prime factors of a?
3, 5
Let g be (1 - -1)*(0 - -2). Suppose 2*i + 6 = g. What are the prime factors of -7*i*(0 + 1)?
7
Let r = 27 - -21. Suppose 0 = 3*q - r - 57. Suppose 0 = -u - 2*o - 3, -5*u = -2*u - 5*o - q. What are the prime factors of u?
5
Suppose -4*q + 13 = t, 0*q - 3*t - 29 = -5*q. Let z be q/(-6) + (-34)/(-6). Suppose -2*s + 1 = -z. What are the prime factors of s?
3
Let h be 3*(-1 - 0)/1. What are the prime factors of 10*h*(-16)/24?
2, 5
Let u be 15/10*(-172)/(-6). Let c = u - 30. List the prime factors of c.
13
Suppose 4*y = -g + 93, -5*g + 650 = 4*y + 153. What are the prime factors of g?
101
Let a(q) = q**3 - q**2 + 3*q - 2. Let f be a(3). Let c = f - 10. What are the prime factors of c?
3, 5
Let y = -8 + 12. Suppose 0 = -4*a - f + 120, -3*a - a = -y*f - 120. Suppose 6 = -3*p + a. List the prime factors of p.
2
Let i(n) = -n**2 + 2*n + 2. Let u be i(2). Suppose -5 = -u*g + g. Suppose -g*v + 2 = -4*v. List the prime factors of v.
2
Let g be -2 - 1/(3/(-12)). Suppose -g*s + 16 - 6 = 0. Suppose -s + 13 = 2*v. What are the prime factors of v?
2
What are the prime factors of (-2)/(-12) + (-969)/(-18)?
2, 3
Suppose -o = -3*b + 103, 2*o + 236 = 5*b + 66. List the prime factors of b.
2, 3
Let r(u) be the first derivative of u**2/2 - 9*u - 2. What are the prime factors of r(13)?
2
Suppose -q + 188 = 2*l, 78 = q + 5*l - 110. What are the prime factors of q?
2, 47
Let c = 27 - -21. Suppose 4*a - a + 81 = 4*t, -c = -2*t + 4*a. List the prime factors of t.
2, 3
Let k(r) = r**2 - r. Let b(d) = -d**3 - d**2 + 4*d + 4. Let u(l) = -b(l) - 4*k(l). Let g be u(3). Let w = g - -6. What are the prime factors of w?
2
Let a be 3 + -4 + 1/1. Suppose a = -k - m + 5, 4*m = 4*k - 12 - 16. List the prime factors of k.
2, 3
Let o be 1 - -1 - 7 - -3. What are the prime factors of (12/9)/(o/(-18))?
2, 3
Suppose -2*p - 192 = -5*p. What are the prime factors of p?
2
Let t(d) = 5*d**2 - 3. What are the prime factors of t(4)?
7, 11
Let p be (-1)/((2 + -1)/1). List the prime factors of (-45)/(-10)*(5 + p).
2, 3
Suppose 2*g - 112 = -x, -13 = 5*g - 33. What are the prime factors of x?
2, 13
Let r(d) = 30*d - 3. Let j be r(2). Suppose 0 = 3*m - j. List the prime factors of m.
19
Let k(u) = -2*u. Suppose 4*w + 10 = -26. What are the prime factors of k(w)?
2, 3
Let l(r) = -3*r**2 + r - 1. Let h be l(1). Suppose -17 - 2 = y + 4*j, -j - 4 = 0. List the prime factors of 10 - (3 + y - h).
7
Let w be 89*1 - (-8)/(-4). Suppose -w = -5*d + a - 12, 45 = 3*d - 2*a. Let q = d - 11. List the prime factors of q.
2
Let u = -124 + 188. List the prime factors of u.
2
Let m be 26/4*(1 - -1). Suppose -5*j + 3 = m. What are the prime factors of (11/4)/(j/(-8))?
11
Suppose 0*j = -4*j - 24. List the prime factors of j/(-9) - (-102)/9.
2, 3
What are the prime factors of 5/(1 - (-1 + (-3)/(-3)))?
5
What are the prime factors of (-2)/(-3) + (-572)/(-6)?
2, 3
Suppose 4*b - f = 1049, 5*f = 6*b - 8*b + 519. List the prime factors of b.
2, 131
Suppose 92 = 4*j + 2*m, 3*j - m + 4 = 73. What are the prime factors of j?
23
Let u(r) = 2*r - 8. List the prime factors of u(31).
2, 3
Suppose 0*q = -q + 5*k + 38, 5*q - 4*k - 211 = 0. Suppose 7 = -s + q. Suppose 14 - s = -2*j. List the prime factors of j.
11
Let c(m) = -m**3 - 3*m**2 - 4. Let d(t) = t + 5. Let g(f) = -2*f - 11. Let v(b) = 5*d(b) + 2*g(b). Let q be v(-7). What are the prime factors of c(q)?
2, 3
Let q(d) = d**3 + 8*d**2 - 7. Let l be q(-7). List the prime factors of 3*(l/9)/1.
2, 7
Suppose n - 8 = -3*w, 2*n - 56 = w + 3*w. Suppose 2*f + 3*f = n. Suppose -5*s = -2*k - 2, 5*s - f*k = 1 - 7. List the prime factors of s.
2
Let c(j) = -j**3 + 11*j**2 - j + 13. Let a be c(11). Suppose 3*r + a*s - 19 = 0, -s - 2 = -1. List the prime factors of r.
7
Suppose 4*x - 32 = 4. Suppose x = 2*y + 3. List the prime factors of y.
3
Let r(j) = 7*j - 13. Let a(g) = 4*g - 6. Let p(l) = -5*a(l) + 2*r(l). Let q be p(-3). Let c = q - 14. What are the prime factors of c?
2
What are the prime factors of (0 + (4 - 3))*7?
7
Let c be (-110)/(-40)*(-1 + 9). Suppose -2*p = -c - 4. What are the prime factors of p?
13
Suppose 103 = a - 0*u - u, 3*a + 2*u - 284 = 0. What are the prime factors of a?
2, 7
Suppose -x = -3*v - 221 + 843, 400 = 2*v + 3*x. What are the prime factors of v?
2, 103
Suppose 0*p + 2*p = -4*u + 40, -2*p = -3*u - 40. What are the prime factors of p?
2, 5
Let g be 6/(-9)*(-1 - 20). Suppose 5*b - 3*k = k + 85, -5*k + g = 3*b. What are the prime factors of b?
13
Let h = -6 + 7. Let m(g) = 21*g - 1. What are the prime factors of m(h)?
2, 5
Let d be -1 - -1*(2 - -2). Suppose 4*a - 11 = d*a. List the prime factors of a.
11
Let l(p) = -27*p - 17. What are the prime factors of l(-5)?
2, 59
Let v(y) be the third derivative of -y**4/8 + 13*y**3/3 + 6*y**2. What are the prime factors of v(0)?
2, 13
Suppose -l + 3 = -0. Let z(s) = s**2 - 15*s + 16. Let u be z(14). Suppose -u = l*k - 26. List the prime factors of k.
2
Let l be (-99)/(-6) - 3/(-6). Let n = l + -15. What are the prime factors of n?
2
List the prime factors of ((-50)/12 + (-3)/(-18))*-8.
2
Let p(z) = -2*z**3 - z**2 + 1. List the prime factors of p(-1).
2
Let v(o) = -2*o - 2. Suppose 4*r = 3*n + 2, -3*n + 2*n = -5*r + 8. Suppose -x + 4*m - r = -1, -5*m - 10 = x. List the prime factors of v(x).
2
Suppose l + 58 = -2*q, 11 = 3*l - 5*q + 240. Let a = l + 119. List the prime factors of a.
3, 17
Let x = 2 - 2. Suppose x = -4*v + 13 - 1. Let c = v - 0. List the prime factors of c.
3
Suppose 3*c - 188 = c. Let u = 15 + -11. Suppose 2*i - 49 = -u*m + 3, 2*m = 5*i - c. What are the prime factors of i?
2, 5
Let t = -7 + 13. Suppose -t - 18 = -a. What are the prime factors of a?
2, 3
List the prime factors of (-25)/6 + 4 + 1357/6.
2, 113
Let y(f) = f**3 - 5*f**2 + 6*f - 1. Let g = -12 - -16. What are the prime factors of y(g)?
7
Let h(v) be the second derivative of 2*v**3/3 - 9*v**2/2 - 4*v. List the prime factors of h(12).
3, 13
Suppose x = 0, -5*v - 6*x = -x - 295. What are the prime factors of v?
59
Let n(u) = -u**2 - 5*u - 2. Let s be n(-5). Let v(i) be the third derivative of i**5/30 + i**4/24 - i**3/3 + i**2. List the prime factors of v(s).
2
Let g = -40 + 65. List the prime factors of g.
5
Let y = 5 - -10. Let v = 47 - y. List the prime factors of (2 - v/6)*-3.
2, 5
Let v = 2 + 0. Let f = v - 0. Suppose f*g = -4*c + 2*c + 28, 3*c = 3*g - 48. List the prime factors of g.
3, 5
Let a(s) be the first derivative of 11*s**3/3 + s**2/2 + 3. List the prime factors of a(-1).
2, 5
Let v(k) = 3*k - 2. Let m(n) = 3*n - 2. Let t(o) = -3*m(o) + 4*v(o). Let u be t(-2). What are the prime factors of ((-6)/u)/(4/16)?
3
Let j = -2 + 6. Suppose 0*a - a + j = 0. Suppose -2*y + 9 = a*r + 1, -5*y = r + 7. List the prime factors of r.
3
Suppose 4*f + 4*y - 12 = 0, -4*f - 14 = -3*y + 2. What are the prime factors of (-26)/(-1*(f + 2))?
2, 13
Let f be -1 + 5/(5/(-2)). Let d be f/2*(-2 + 0). Suppose -d*z = -4*z + 6. List the prime factors of z.
2, 3
Suppose 5*w = 3*w + 58. List the prime factors of w.
29
Let z(l) = -15*l**3 - 1. What are the prime factors of z(-1)?
2, 7
Suppose 2*j + v + 33 = -14, 0 = -2*j + v - 45. Let h = -10 - j. List the prime factors of h.
13
Let q be (-12)/((-2)/((-16)/(-1))). Let x = 175 - q. Suppose -4*v + x = 4*c + 23, 0 = v - c - 20. What are the prime factors of v?
17
Let j(d) = 12*d**2 + 11*d - 3. List the prime factors of j(-6).
3, 11
Suppose 5*j - 2*j + 18 = 0. Let b(g) = g**2 + 3*g + 6. What are the prime factors of b(j)?
2, 3
Let h(l) = -2*l - 2. Let y be (-1 - 1)/(2/3). Let k be h(y). Suppose -2*x = k*g - x - 40, -x = -5*g + 41. List the prime factors of g.
3
Let i = -115 + 181. List the prime factors of i.
2, 3, 11
Let h = 5 - 0. Let m(y) = 4*y. What are the prime factors of m(h)?
2, 5
Suppose x + 1 = 0, 3*v + 3*x - 309 = -0*x. What are the prime factors of v?
2, 13
Suppose 4*h - 29 = 5*s, -s = -3*h - h + 9. Let f(u) = -u**2 - 6*u - 13. Let v(w) = w**2 + 7*w + 13. Let d(z) = s*v(z) - 6*f(z). List the prime factors of d(0).
13
Let